n - 13. Is f(a) a composite number?
True
Let r(y) = -545*y + 5. Suppose -3*j + 3 - 32 = 2*c, -3*j - 3*c = 30. Let h be r(j). Suppose -4*f = -14*f + h. Is f a composite number?
False
Suppose 9*a - 8*a = 15. Suppose a*d = 2*d + 36803. Is d composite?
True
Let j(t) = 4*t + 69. Suppose 9*y = 4*y - 80. Let z be j(y). Is ((-17365)/z + 3)/(-2) a prime number?
False
Let h(z) = -z**3 + 4*z**2 - z - 2. Let r be h(2). Suppose 230 = r*o - 10*b + 5*b, 49 = o + 3*b. Is o composite?
True
Suppose -11 = -2*z + 3. Suppose -3176 = -a - z*a. Suppose h - a = -148. Is h a composite number?
True
Suppose 1638*k = 1625*k + 737711. Is k prime?
True
Let i = -11287 + 86118. Is i composite?
False
Let r be -2 - (-1)/((-2)/(-10)). Suppose r*t = 5*u - 2*u - 6720, 4476 = 2*u - 3*t. Suppose -5*x + 3421 + u = 0. Is x a prime number?
False
Let i(l) = 5*l**2 + 1. Let z be i(-1). Suppose -8*m + 10 = -z*m. Suppose -o + 894 = -m*f, 3*f + 1046 - 154 = o. Is o prime?
False
Suppose -5*y = -4*v, v = 4*y + 4*v. Let r = y + 4. Is ((-54)/r - 2)*-34 prime?
False
Let i = 10200 + -4015. Let u = -306 + i. Is u composite?
False
Suppose 2*a + 162 = 5*m + a, a + 129 = 4*m. Let h = m - 25. Suppose -h*f = -10*f + 878. Is f a prime number?
True
Let r = -1183249 + 2219708. Is r composite?
False
Is (113311 - (-20 + 13)) + 9 a prime number?
True
Suppose -665 = -14*p + 6083. Suppose p = 4*t - 98. Is t a prime number?
False
Let b(d) = 1012*d**2 - 3*d + 20. Let j be b(-6). Suppose 4*o - 5165 = -k + 2110, -o = 5*k - j. Is k a composite number?
True
Let g(n) = 493*n - 284. Let l be g(12). Let k = l - 1785. Is k composite?
False
Suppose -l = 4*m - 1239087, 46*l - 31*l - 18586533 = -3*m. Is l a prime number?
True
Suppose 5546845 = 226*m - 141*m. Is m composite?
False
Suppose 62*s - 59*s = 78. Let w(h) = -h**3 + 29*h**2 - 21*h - 83. Is w(s) composite?
False
Let a(k) = k**2 + 5*k + 6. Let q = 29 - 31. Let v be a(q). Suppose 0 = -5*y - 15, v*s + 4*y + 109 = s. Is s prime?
True
Suppose 13*b + 35 = -4*x + 8*b, x - b + 11 = 0. Is (-246)/36 + x/(-12) + 1177 a prime number?
True
Let r(u) = u**2 - u + 3. Let s be r(2). Suppose 5 = -5*p + s. Suppose p = 3*d + 9, -4*y + 2*d + 3*d + 4007 = 0. Is y composite?
True
Is 22 - 3044010/(-15) - -11 a prime number?
True
Let u(s) = 5286*s - 1273. Is u(9) prime?
True
Suppose 0 = 2*y - 2 - 6. Suppose 4*a + y*x = 32, -4*x = 2*a + 3*a - 36. Suppose 4*b - 2*b + 754 = 4*k, a*k - 760 = 4*b. Is k prime?
False
Let q(c) be the third derivative of -c**4/12 - 11*c**2. Let s be q(3). Is (3 + s)/((-2)/226) a prime number?
False
Suppose 3*w = 9, w = 5*p + 2*w - 98. Suppose 5*m = p*m - 12082. Is m prime?
True
Let w(m) = 6*m**2 - 8*m - 55. Let l(t) = 4*t + 1. Let i be l(-2). Is w(i) composite?
True
Let o = 140 - 112. Suppose 5*x - 195 = 4*x. Suppose r = x + o. Is r a composite number?
False
Is ((4 - 2) + -1)/((52/(-4))/(-1144013)) a composite number?
False
Let j be (-108)/(-84) + 4/(-14). Is j*-26*(-452)/(-8)*-1 prime?
False
Let h(n) = -85071*n + 40. Is h(-1) a composite number?
True
Is (2 + 7/(-2))/(7/661976*-4) prime?
False
Let x(p) = p**3 - 7*p**2 + 5*p + 8. Let j be x(6). Suppose -9*q - 6744 - 1527 = 0. Is 3 + (j - q) + -1 composite?
True
Suppose -2*f = 3*a - 8665, -3*a + 0*f - 4*f + 8675 = 0. Let l = a + -564. Is l composite?
True
Let b be (4 - (-648)/(-45))/((-2)/(-10)). Is (-463988)/b - (-2)/13 prime?
True
Let l(v) = -v**3 + 46*v**2 + 21*v + 119. Is l(40) a prime number?
True
Let z(a) = 278*a**2 - 2*a + 7. Let q(n) = 3*n**2 - 2*n + 2. Let s be q(1). Is z(s) a composite number?
False
Let o(k) = -k**3 - 18*k**2 - 32*k. Let d be o(-16). Suppose d = 4*c + 3*z - 18671, -2*c = c - z - 14000. Is c composite?
True
Suppose -9*h - 706598 = -4*f - 4*h, -4*f - 3*h + 706582 = 0. Is f prime?
False
Suppose -3*u + 75673 = 4*y - 294736, 4*u - 4*y = 493944. Is u a composite number?
False
Suppose 6*o = 12*o - 1956. Let k = 1435 - o. Is k a composite number?
False
Let s be 5/15*1*-1047. Let x = s - -3121. Suppose -h + 1469 = -x. Is h a composite number?
False
Let w(j) = 5*j**2 + 4*j - 3. Let u be w(-3). Suppose -27*g + u*g = 417. Is g a prime number?
True
Let k be (-6 + 2)*(-2 - 1). Is (k/8)/((-1)/(-2)) + 554 a composite number?
False
Let v(t) = -24 + 69 + 3*t + 5*t - 15*t**2 - 37 - 3*t + 4*t**3. Is v(14) a composite number?
True
Suppose 3*c + 3*a + 9 = 0, 0*c + a = -5*c + 1. Let g be -4*(c/6 + (-48304)/96). Let h = 3267 - g. Is h prime?
False
Let t = -379 + 381. Suppose -2*k = -d + 4*d - 3463, k = t*d - 2297. Is d a prime number?
True
Let t(i) = -18*i + 19. Let m(r) = 36*r - 18 - 5 - 15. Let w(x) = -4*m(x) - 7*t(x). Is w(-6) a composite number?
False
Suppose 0*k = 6*k + 17*k - 2890249. Is k a composite number?
True
Suppose 3*m = -4*w + 125, 2*w = w - 5*m + 44. Suppose 13*u - w*u = -163952. Is u prime?
True
Let m(v) = -143*v**3 - 21*v**2 - 113*v + 17. Is m(-8) a prime number?
False
Let t = 24452 - 13425. Is t composite?
False
Suppose 8*z + 46359 = 17*z. Let m = z - 2408. Is m a prime number?
False
Suppose 0 = 23*m - 219 + 35. Suppose 4655 = m*f + 1671. Is f a composite number?
False
Suppose -v + 35171913 = 131*v + 27*v. Is v a prime number?
False
Let o(g) = g**3 - 5*g**2 + 4*g + 6. Let d be o(4). Suppose -2*z + 12 + 10 = 0. Suppose -z*p + d*p = -3365. Is p prime?
True
Let d(u) = 1929*u - 154. Let l be d(11). Suppose 83*v - 78*v - l = 0. Is v prime?
False
Let c be (4/10)/(12/60). Is (-16 - -13) + 4672/c composite?
False
Suppose 49*u + 175 = 84*u. Suppose 4*v + 3*r = 2*v + 4363, -3*v + 6592 = -u*r. Is v composite?
True
Let h be 2/(-1) - (-17 + 13). Suppose -h*p = -4*p + 830. Is p composite?
True
Is (2 - 0)*(4896003/42 - 18/3) composite?
True
Let l(m) = -2*m - 8. Let k be l(-6). Suppose 340 = -27*r + 61*r. Is (74/5)/(k/r) prime?
True
Suppose -4 = -15*q - 19. Let i(l) = -1910*l**3 - l**2 - 4*l - 4. Is i(q) prime?
False
Let l(x) = -4983*x + 138. Let z be l(-15). Is (z/(-18) + -1)*(-7 + 1) composite?
False
Let c(s) = -2*s**3 - 80*s**2 - 78*s - 89. Is c(-52) a composite number?
False
Suppose 11*w - 94 - 577 = 0. Suppose w*x = 64*x - 1965. Is x composite?
True
Let z(y) = -9242*y**3 - 28*y**2 + 61*y**2 - y - 1 - 36*y**2. Is z(-1) composite?
False
Suppose -4 = -2*x - 2, 8541 = -4*w + x. Let g = w + 3617. Let d = 2437 - g. Is d a composite number?
True
Suppose 105 + 13 = 2*h. Let a = 369 - 377. Let g = a + h. Is g prime?
False
Let y(q) = 9*q - 151. Let f be y(17). Suppose 52435 = 5*t + f*h, -t - 6320 + 16807 = -5*h. Is t prime?
True
Suppose 376*c = 381*c + 2330. Is (0 + -7 - c) + 4 a prime number?
True
Let c(x) = 318*x**2 + 32*x + 33. Let n(k) = -2*k**2 - 9*k + 55. Let u be n(-8). Is c(u) composite?
True
Suppose 5*v = 4*n - 7*n - 68, -76 = 4*n + 3*v. Let t(k) = -4*k - 65. Let w be t(n). Is (178 - (-3 - w)) + 5 a prime number?
False
Let z(q) = -29*q**2 - 2*q + 3. Suppose -4*j + 9 = -m, m - 5 + 4 = -j. Let k be z(j). Let w = k - -206. Is w a prime number?
True
Let k = -133 - -136. Suppose 0 = 4*y - k*y + 5*x - 4446, 3*y - 4*x = 13319. Is y a prime number?
True
Let m(s) = -714*s - 2195. Is m(-38) prime?
False
Suppose 5*b + s - 24 = 0, -3*b = s + 4*s - 10. Let q be 1/(b/2 - 2). Is (3/q)/(-4 + 35948/8984) prime?
True
Let a(x) = -6*x - x**3 + 4*x + 0 + 4 + 0*x. Let i be a(0). Suppose 5*y - 5*f - 6938 - 2502 = 0, 2*y + i*f - 3782 = 0. Is y composite?
False
Let s be 0 - -4 - (-6)/12*6. Let y(a) = -s*a - 2*a**2 + 19*a - 1 - 16*a - 14*a + a**3. Is y(14) composite?
False
Is (-555292)/(-8)*(0 - -2)*1 composite?
True
Suppose 509*w - 3139468 = 81*w + 4570096. Is w composite?
False
Let t be ((-152826)/(-3))/2 + -7. Suppose 9*v = t - 8031. Is v a composite number?
True
Let x be (3 - (4 - -2))*(-4346)/(-6). Let c = 323 - x. Suppose -c = -5*m - q, -3*m + 2*q = m - 1994. Is m a composite number?
False
Let h(d) be the second derivative of 1849*d**3/3 - 15*d**2/2 + 21*d. Is h(1) a prime number?
False
Is (-172990912)/(-960) + 8/60 prime?
False
Let o(k) = -48*k + 451823. Is o(0) prime?
True
Suppose -86*l = -89*l - 33*l + 31523292. Is l prime?
True
Suppose -3 = -85*b + 84*b. Suppose h - i = -5*i + 1693, -2*i - 5135 = -b*h. Is h prime?
True
Suppose -95*s = -217*s + 10836406. Is s composite?
True
Let p be (0 - 5/(-2 - -3))/(-1). Let y(l) = l. Let j(h) = -14*h**3 - h**2 - 10*h + 1. Let u(f) = p*y(f) + j(f). Is u(-6) composite?
False
Let y(o) 